{"id":5349,"date":"2019-03-05T19:27:02","date_gmt":"2019-03-05T18:27:02","guid":{"rendered":"http:\/\/aurum.insulin-kuehltasche.de\/testergebnisse-8\/"},"modified":"2024-06-13T20:18:30","modified_gmt":"2024-06-13T18:18:30","slug":"test-results","status":"publish","type":"page","link":"https:\/\/cool-safe.com\/?page_id=5349","title":{"rendered":"Test results"},"content":{"rendered":"<div class=\"wpb-content-wrapper\"><p>[vc_row][vc_column][vc_single_image image=&#8221;13387&#8243; img_size=&#8221;1150&#215;500&#8243; alignment=&#8221;center&#8221; title=&#8221;COOL*SAFE Test results&#8221;][\/vc_column][\/vc_row][vc_row css=&#8221;.vc_custom_1417431699056{padding-top: 50px !important;padding-bottom: 50px !important;}&#8221;][vc_column][laborator_heading title=&#8221;THE BIGGEST DANGER: FREEZING OF MEDICINE&#8221; sub_title=&#8221;FREEZING CHANGES THE MOLECULAR STRUCTURE OF THE MEDICINE AND MAKES IT UNUSABLE&#8221; text_align=&#8221;center&#8221; show_dash=&#8221;yes&#8221;][vc_column_text]<strong>The biggest danger with medicine cool bags is<\/strong> NOT that your medicine may not stay cold long enough. The biggest danger is that <strong>your medicine can freeze<\/strong>.<\/p>\n<p>The word &#8220;cool bag&#8221; or &#8220;cool box&#8221; implies, it is a bag or box that &#8220;cools&#8221;. However, most cool bags freeze the medicine. <strong>So, one would actually tend to call most cool bags as &#8220;freezing bags&#8221;. And this unfortunately also applies to most of the so-called medicine cool bags.<\/strong><\/p>\n<p>Your medicine <strong>must not cool below + 2 \u00b0 C<\/strong> and <strong>it must never be frozen<\/strong>.<\/p>\n<p>We had the COOL*SAFE medicine cool bags tested by the <strong>T\u00dcV<\/strong> with different medicines. The T\u00dcV informed us that one could only write &#8220;T\u00dcV-certified&#8221;, if there was a special test setting for the underlying T\u00dcV measurements, which the T\u00dcV does not have &#8211; and which does not also exist nationwide. There are a few other specifications by the government that would need to be in place for T\u00dcV to &#8220;certify&#8221; medicine cool bags. These specifications are however not possible for the T\u00dcV to execute.<\/p>\n<p>Thus, it is technically not possible to have a &#8220;product certification&#8221; of medicine cool bags carried out by the T\u00dcV, so as to warrant one to write &#8220;T\u00dcV-certified&#8221;. No one can do that.<\/p>\n<p><strong>Nonetheless, T\u00dcV has determined measurements values with our COOL*SAFE cool bags. <\/strong><\/p>\n<p><strong>And these readings, which are based on the T\u00dcV-measured values, are the foundation of the data that you can find on this website. <\/strong>Since there is no nationwide standard that tells the T\u00dcV how to measure the temperature of medicine in cool bags, so that these readings are reproducible, the T\u00dcV has developed a special methodology to make the readings as accurate as possible and reproducible. These measurements were thus not &#8220;evaluated&#8221; by the T\u00dcV, but &#8220;recorded&#8221;.<\/p>\n<p><strong>For this, the T\u00dcV has issued us with a number of T\u00dcV reports. In these reports, it can be seen that<\/strong> the recordings of the measurement results showed that the drug temperature of the measured medicines in the individual cool bags does not fall below + 2\u00b0 C. Furthermore, the T\u00dcV has recorded the cooling duration on how long the temperature of the measured medicine remains cool between +2\u00b0 and + 8\u00b0 C.<\/p>\n<p>With <strong>COOL*SAFE, you can remain calm, <\/strong>since your medicine will not be frozen, yet will remain cool for hours.[\/vc_column_text][\/vc_column][\/vc_row][vc_row][vc_column][vc_empty_space height=&#8221;120px&#8221;][\/vc_column][\/vc_row][vc_row][vc_column width=&#8221;1\/3&#8243;][vc_single_image image=&#8221;2800&#8243; img_size=&#8221;medium&#8221; css_animation=&#8221;left-to-right&#8221;][\/vc_column][vc_column width=&#8221;2\/3&#8243; css=&#8221;.vc_custom_1498737590903{padding-top: 20px !important;padding-left: 16px !important;}&#8221;][laborator_heading title=&#8221;1. THE SUPERIORITY OF THE COOL*SAFE COOL BAGS: ONLY THEY DELIVER MEASUREMENT RESULTS ABOVE + 2 \u00b0C! *&#8221; show_dash=&#8221;yes&#8221;][vc_column_text]With COOL*SAFE, temperature sensitive medicines that need to be refrigerated and blood remain in the prescribed temperature range! <strong>With COOL*SAFE you can transport your cold-chain requiring product in the cold chain, between +2 and + 8\u00b0 C.<\/strong><\/p>\n<p><strong>Also drugs that can stay warmer than + 8 \u00b0C, e.g. 15 \u00b0 C or 25 \u00b0C, must by no means get frozen.<\/strong> Such medicines are called &#8220;refrigerated&#8221; medicines. Of course, these medicines are equally safe with COOL*SAFE.[\/vc_column_text][\/vc_column][\/vc_row][vc_row][vc_column][vc_empty_space height=&#8221;120px&#8221;][\/vc_column][\/vc_row][vc_row][vc_column width=&#8221;2\/3&#8243; css=&#8221;.vc_custom_1498737396897{padding-left: 16px !important;}&#8221;][laborator_heading title=&#8221;2. MOST OF THE SO-CALLED &#8220;MEDICINE COOL BAGS&#8220; FREEZE MEDICINES.&#8221; sub_title=&#8221;FREEZING CAUSES AN IRREVERSIBLE CHANGE IN THE MEDICINE\u2019S MOLECULAR STRUCTURE&#8221; show_dash=&#8221;yes&#8221;][vc_column_text]The freezing of the medicine already takes place within the first 5 &#8211; 10 minutes and can last up to approx. 1 hour.<\/p>\n<p>Also, a medicine will heat up to + 8 \u00b0C within the first few minutes, if one gets to transport it without a proper medicine cool bag. <strong>A &#8220;short way home&#8221; for you is too long for your medicine!<\/strong><\/p>\n<p><strong>You need a secure cool bag<\/strong> that really protects your medicines.<\/p>\n<p><em>Here<\/em>, you can read <strong>about the changes in the molecular structure of your medicine, and the effects this has on your hea..<\/strong>.[\/vc_column_text][\/vc_column][vc_column width=&#8221;1\/3&#8243;][vc_single_image image=&#8221;2799&#8243; img_size=&#8221;large&#8221; css_animation=&#8221;right-to-left&#8221;][\/vc_column][\/vc_row][vc_row][vc_column][vc_empty_space height=&#8221;120px&#8221;][\/vc_column][\/vc_row][vc_row css=&#8221;.vc_custom_1417435083736{padding-bottom: 50px !important;}&#8221;][vc_column width=&#8221;1\/3&#8243;][vc_single_image image=&#8221;3067&#8243; img_size=&#8221;full&#8221; alignment=&#8221;right&#8221; css_animation=&#8221;left-to-right&#8221;][\/vc_column][vc_column width=&#8221;2\/3&#8243; css=&#8221;.vc_custom_1417432139350{padding-top: 20px !important;padding-left: 50px !important;}&#8221;][laborator_heading title=&#8221;3. BEST RESULTS OF THE LENGTH OF THE COOLING DURATION!&#8221; sub_title=&#8221;FINALLY, YOU CAN MAKE YOUR PURCHASES OR GO ON A JOURNEY WITH PEACE OF MIND&#8230;&#8221; show_dash=&#8221;yes&#8221;][vc_column_text]Cooling duration, e.g. for the COOL*SAFE-Basic model:<\/p>\n<ul>\n<li>2\u00b0 C to 8\u00b0 C, with an ambient temperature of 20 \u00b0C: approx. <strong>17.40 hours<\/strong><\/li>\n<li>2\u00b0 C to 8\u00b0 C, with an ambient temperature of 30 \u00b0C: approx. <strong>11.25 hours<\/strong><\/li>\n<li>2\u00b0 C to 8\u00b0 C, with an ambient temperature of 40\u00b0 C: approx.\u00a0 <span style=\"color: #ffffff;\">.<\/span><strong>6.20 hours<\/strong><\/li>\n<\/ul>\n<p>For the other models, please read the cooling duration for each model (in the product data sheet).[\/vc_column_text][\/vc_column][\/vc_row][vc_row][vc_column][vc_empty_space height=&#8221;120px&#8221;][\/vc_column][\/vc_row][vc_row css=&#8221;.vc_custom_1417435083736{padding-bottom: 50px !important;}&#8221;][vc_column width=&#8221;2\/3&#8243; css=&#8221;.vc_custom_1417432139350{padding-top: 20px !important;padding-left: 50px !important;}&#8221;][laborator_heading title=&#8221;FRIO COOL BAGS ARE ONLY SUITABLE FOR INSULINES THAT ARE CURRENTLY IN USE,&#8221; show_dash=&#8221;yes&#8221;][vc_column_text]<span style=\"color: #ff0000;\"><strong>But NOT for the transport of your insulin or other cold chain requiring medicines, which you collect from the pharmacy!<\/strong><\/span><\/p>\n<p>The prescribed temperatures of +2 \u00b0C to +8 \u00b0C or +2 \u00b0C to +15 \u00b0C are not achieved with FRIO. <strong>(Please pay attention also to the insulin package information leaflet!)<\/strong><\/p>\n<p><strong>Whenever it is written in the drug&#8217;s information leaflet that a drug or insulin needs to be stored at 2 &#8211; 8 \u00b0 C, it also means it has to be transported within this temperature range.<\/strong><\/p>\n<p><strong><span style=\"color: #3366ff;\">With COOL*SAFE, you can transport any medicine in the cold chain, between +2 \u00b0 to +8 \u00b0C. Thus, COOL*SAFE is also the perfect insulin cool bag.<\/span>\u00a0<\/strong><\/p>\n<p>FRIO cool bags are very suitable for those medicines that can be allowed to warm to 20 \u00b0C and when the corresponding ambient temperatures are higher than about 25 \u00b0C. It\u2019s only from around this temperature that the evaporative effect of the crystals begins and thus the cooling from FRIO. <span style=\"color: #ff0000;\"><strong>With FRIO, however, the so called &#8220;cooling&#8221; temperature itself stays at a high range of over 22 \u00b0C.<\/strong><\/span><\/p>\n<p><strong>Conclusion<\/strong>: FRIO is good for those insulin pens, which are currently being used, since they can be allowed to warm to about 28 &#8211; 30 \u00b0C (as per package leaflet). For all other insulin that have not already started being used, and for all other cold chain medicines, FRIO is not suitable, because the medicines will get too warm.<\/p>\n<p>The cooling effect of the FRIO cool bags is based on the evaporation of water stored in crystals. The contents of the bag often become moist, and this can soften the medicine boxes. We should also keep in mind that blood glucose meters should never be allowed to get moist. Also, blood glucose meters should not get too warm, in order not to give false measurement results.<\/p>\n<p><strong>\u00a0<span style=\"color: #3366ff;\">The COOL*SAFE cool bags and their contents stay dry!<\/span><\/strong>[\/vc_column_text][\/vc_column][vc_column width=&#8221;1\/3&#8243;][vc_single_image image=&#8221;3070&#8243; img_size=&#8221;full&#8221; alignment=&#8221;right&#8221; css_animation=&#8221;left-to-right&#8221;][\/vc_column][\/vc_row][vc_row css=&#8221;.vc_custom_1417435083736{padding-bottom: 50px !important;}&#8221;][vc_column css=&#8221;.vc_custom_1417432139350{padding-top: 20px !important;padding-left: 50px !important;}&#8221;][vc_column_text]<span style=\"font-size: 8pt;\">* Comparison of the cool bags available in German pharmacies FRIO expedition, Ardo, Param, Haselmeier, Cool*Safe<\/span><\/p>\n<p><span style=\"font-size: 8pt;\">* These measurements results are from T\u00dcV Rheinland and were measured with one drug. Of course, the T\u00dcV cannot test the cool bags with all existing medicines, thus deviations in the cooling duration may arise with other drugs.<\/span>[\/vc_column_text][\/vc_column][\/vc_row]<\/p>\n<\/div>","protected":false},"excerpt":{"rendered":"<p>[vc_row][vc_column][vc_single_image image=&#8221;13387&#8243; img_size=&#8221;1150&#215;500&#8243; alignment=&#8221;center&#8221; title=&#8221;COOL*SAFE Test results&#8221;][\/vc_column][\/vc_row][vc_row css=&#8221;.vc_custom_1417431699056{padding-top: 50px !important;padding-bottom: 50px !important;}&#8221;][vc_column][laborator_heading title=&#8221;THE BIGGEST DANGER: FREEZING OF MEDICINE&#8221; sub_title=&#8221;FREEZING CHANGES THE MOLECULAR STRUCTURE OF THE MEDICINE AND MAKES IT UNUSABLE&#8221; text_align=&#8221;center&#8221; show_dash=&#8221;yes&#8221;][vc_column_text]The biggest danger with medicine cool bags is NOT that your medicine may not stay cold long enough. The biggest danger is that your medicine can freeze. The word &#8220;cool bag&#8221; or &#8220;cool box&#8221; implies, it is a bag or box that &#8220;cools&#8221;. However,&hellip;<\/p>\n","protected":false},"author":4,"featured_media":0,"parent":0,"menu_order":3,"comment_status":"closed","ping_status":"closed","template":"","meta":{"_acf_changed":false,"footnotes":""},"tags":[],"class_list":["post-5349","page","type-page","status-publish","hentry"],"yoast_head":"<!-- This site is optimized with the Yoast SEO plugin v27.0 - https:\/\/yoast.com\/product\/yoast-seo-wordpress\/ -->\n<title>Test results - COOL*SAFE: no freezing + longest cooling duration<\/title>\n<meta name=\"description\" content=\"Freezing of the medicine = biggest danger with conventional medicine cool bags. It changes the drug&#039;s molecular structure+makes it ineffective\" \/>\n<meta name=\"robots\" content=\"index, follow, max-snippet:-1, max-image-preview:large, max-video-preview:-1\" \/>\n<link rel=\"canonical\" href=\"https:\/\/cool-safe.com\/?page_id=5349&lang=en\" \/>\n<meta property=\"og:locale\" content=\"en_GB\" \/>\n<meta property=\"og:type\" content=\"article\" \/>\n<meta property=\"og:title\" content=\"Test results - COOL*SAFE: no freezing + longest cooling duration\" \/>\n<meta property=\"og:description\" content=\"Freezing of the medicine = biggest danger with conventional medicine cool bags. It changes the drug&#039;s molecular structure+makes it ineffective\" \/>\n<meta property=\"og:url\" content=\"https:\/\/cool-safe.com\/?page_id=5349&amp;lang=en\" \/>\n<meta property=\"og:site_name\" content=\"COOL*SAFE\" \/>\n<meta property=\"article:modified_time\" content=\"2024-06-13T18:18:30+00:00\" \/>\n<meta name=\"twitter:card\" content=\"summary_large_image\" \/>\n<meta name=\"twitter:label1\" content=\"Estimated reading time\" \/>\n\t<meta name=\"twitter:data1\" content=\"6 minutes\" \/>\n<script type=\"application\/ld+json\" class=\"yoast-schema-graph\">{\"@context\":\"https:\/\/schema.org\",\"@graph\":[{\"@type\":\"WebPage\",\"@id\":\"https:\/\/cool-safe.com\/?page_id=5349&lang=en\",\"url\":\"https:\/\/cool-safe.com\/?page_id=5349&lang=en\",\"name\":\"Test results - COOL*SAFE: no freezing + longest cooling duration\",\"isPartOf\":{\"@id\":\"https:\/\/cool-safe.com\/en\/#website\"},\"datePublished\":\"2019-03-05T18:27:02+00:00\",\"dateModified\":\"2024-06-13T18:18:30+00:00\",\"description\":\"Freezing of the medicine = biggest danger with conventional medicine cool bags. It changes the drug's molecular structure+makes it ineffective\",\"breadcrumb\":{\"@id\":\"https:\/\/cool-safe.com\/?page_id=5349&lang=en#breadcrumb\"},\"inLanguage\":\"en-GB\",\"potentialAction\":[{\"@type\":\"ReadAction\",\"target\":[\"https:\/\/cool-safe.com\/?page_id=5349&lang=en\"]}]},{\"@type\":\"BreadcrumbList\",\"@id\":\"https:\/\/cool-safe.com\/?page_id=5349&lang=en#breadcrumb\",\"itemListElement\":[{\"@type\":\"ListItem\",\"position\":1,\"name\":\"Startseite\",\"item\":\"https:\/\/cool-safe.com\/?lang=en\"},{\"@type\":\"ListItem\",\"position\":2,\"name\":\"Test results\"}]},{\"@type\":\"WebSite\",\"@id\":\"https:\/\/cool-safe.com\/en\/#website\",\"url\":\"https:\/\/cool-safe.com\/en\/\",\"name\":\"COOL*SAFE\",\"description\":\"The medicine cool bag - medicine well cooled\",\"potentialAction\":[{\"@type\":\"SearchAction\",\"target\":{\"@type\":\"EntryPoint\",\"urlTemplate\":\"https:\/\/cool-safe.com\/en\/?s={search_term_string}\"},\"query-input\":{\"@type\":\"PropertyValueSpecification\",\"valueRequired\":true,\"valueName\":\"search_term_string\"}}],\"inLanguage\":\"en-GB\"}]}<\/script>\n<!-- \/ Yoast SEO plugin. -->","yoast_head_json":{"title":"Test results - COOL*SAFE: no freezing + longest cooling duration","description":"Freezing of the medicine = biggest danger with conventional medicine cool bags. It changes the drug's molecular structure+makes it ineffective","robots":{"index":"index","follow":"follow","max-snippet":"max-snippet:-1","max-image-preview":"max-image-preview:large","max-video-preview":"max-video-preview:-1"},"canonical":"https:\/\/cool-safe.com\/?page_id=5349&lang=en","og_locale":"en_GB","og_type":"article","og_title":"Test results - COOL*SAFE: no freezing + longest cooling duration","og_description":"Freezing of the medicine = biggest danger with conventional medicine cool bags. It changes the drug's molecular structure+makes it ineffective","og_url":"https:\/\/cool-safe.com\/?page_id=5349&lang=en","og_site_name":"COOL*SAFE","article_modified_time":"2024-06-13T18:18:30+00:00","twitter_card":"summary_large_image","twitter_misc":{"Estimated reading time":"6 minutes"},"schema":{"@context":"https:\/\/schema.org","@graph":[{"@type":"WebPage","@id":"https:\/\/cool-safe.com\/?page_id=5349&lang=en","url":"https:\/\/cool-safe.com\/?page_id=5349&lang=en","name":"Test results - COOL*SAFE: no freezing + longest cooling duration","isPartOf":{"@id":"https:\/\/cool-safe.com\/en\/#website"},"datePublished":"2019-03-05T18:27:02+00:00","dateModified":"2024-06-13T18:18:30+00:00","description":"Freezing of the medicine = biggest danger with conventional medicine cool bags. It changes the drug's molecular structure+makes it ineffective","breadcrumb":{"@id":"https:\/\/cool-safe.com\/?page_id=5349&lang=en#breadcrumb"},"inLanguage":"en-GB","potentialAction":[{"@type":"ReadAction","target":["https:\/\/cool-safe.com\/?page_id=5349&lang=en"]}]},{"@type":"BreadcrumbList","@id":"https:\/\/cool-safe.com\/?page_id=5349&lang=en#breadcrumb","itemListElement":[{"@type":"ListItem","position":1,"name":"Startseite","item":"https:\/\/cool-safe.com\/?lang=en"},{"@type":"ListItem","position":2,"name":"Test results"}]},{"@type":"WebSite","@id":"https:\/\/cool-safe.com\/en\/#website","url":"https:\/\/cool-safe.com\/en\/","name":"COOL*SAFE","description":"The medicine cool bag - medicine well cooled","potentialAction":[{"@type":"SearchAction","target":{"@type":"EntryPoint","urlTemplate":"https:\/\/cool-safe.com\/en\/?s={search_term_string}"},"query-input":{"@type":"PropertyValueSpecification","valueRequired":true,"valueName":"search_term_string"}}],"inLanguage":"en-GB"}]}},"acf":[],"_links":{"self":[{"href":"https:\/\/cool-safe.com\/index.php?rest_route=\/wp\/v2\/pages\/5349","targetHints":{"allow":["GET"]}}],"collection":[{"href":"https:\/\/cool-safe.com\/index.php?rest_route=\/wp\/v2\/pages"}],"about":[{"href":"https:\/\/cool-safe.com\/index.php?rest_route=\/wp\/v2\/types\/page"}],"author":[{"embeddable":true,"href":"https:\/\/cool-safe.com\/index.php?rest_route=\/wp\/v2\/users\/4"}],"replies":[{"embeddable":true,"href":"https:\/\/cool-safe.com\/index.php?rest_route=%2Fwp%2Fv2%2Fcomments&post=5349"}],"version-history":[{"count":10,"href":"https:\/\/cool-safe.com\/index.php?rest_route=\/wp\/v2\/pages\/5349\/revisions"}],"predecessor-version":[{"id":13388,"href":"https:\/\/cool-safe.com\/index.php?rest_route=\/wp\/v2\/pages\/5349\/revisions\/13388"}],"wp:attachment":[{"href":"https:\/\/cool-safe.com\/index.php?rest_route=%2Fwp%2Fv2%2Fmedia&parent=5349"}],"wp:term":[{"taxonomy":"post_tag","embeddable":true,"href":"https:\/\/cool-safe.com\/index.php?rest_route=%2Fwp%2Fv2%2Ftags&post=5349"}],"curies":[{"name":"wp","href":"https:\/\/api.w.org\/{rel}","templated":true}]}}